hat is -2 (base 15) in base 5?
-2
Convert 2 (base 4) to base 8.
2
What is 2 (base 15) in base 12?
2
10 (base 2) to base 3
2
-2122 (base 3) to base 8
-107
Convert -422 (base 8) to base 3.
-101011
-7 (base 14) to base 6
-11
148 (base 10) to base 6
404
Convert 3 (base 12) to base 9.
3
What is 0 (base 3) in base 2?
0
Convert -11 (base 6) to base 15.
-7
-3 (base 9) to base 11
-3
Convert -35 (base 10) to base 3.
-1022
1 (base 15) to base 13
1
What is -270 (base 8) in base 2?
-10111000
Convert 2 (base 15) to base 5.
2
Convert 2002 (base 3) to base 16.
38
Convert -2 (base 10) to base 14.
-2
Convert -1 (base 13) to base 14.
-1
Convert -101 (base 2) to base 3.
-12
What is -1 (base 16) in base 11?
-1
What is -41 (base 9) in base 7?
-52
What is -24 (base 11) in base 5?
-101
32 (base 6) to base 4
110
Convert 0 (base 13) to base 11.
0
-38 (base 11) to base 13
-32
c (base 16) to base 11
11
What is 20 (base 4) in base 3?
22
Convert 4 (base 8) to base 4.
10
Convert -21 (base 3) to base 8.
-7
What is -100 (base 7) in base 15?
-34
Convert -2 (base 13) to base 11.
-2
What is 2011 (base 3) in base 13?
46
8 (base 16) to base 15
8
Convert -28a (base 11) to base 4.
-11110
What is 0 (base 8) in base 12?
0
What is -5 (base 9) in base 5?
-10
Convert -11 (base 14) to base 11.
-14
What is b (base 14) in base 2?
1011
What is 9 (base 15) in base 4?
21
What is 89 (base 14) in base 10?
121
What is -a (base 14) in base 8?
-12
What is 3 (base 13) in base 6?
3
Convert -10 (base 3) to base 8.
-3
Convert 26 (base 15) to base 6.
100
Convert -274 (base 9) to base 11.
-199
-31 (base 16) to base 8
-61
Convert 10 (base 2) to base 11.
2
What is 57 (base 13) in base 10?
72
Convert -3 (base 7) to base 9.
-3
What is -1 (base 8) in base 15?
-1
Convert -3 (base 15) to base 5.
-3
Convert -3 (base 13) to base 15.
-3
What is c7 (base 15) in base 16?
bb
Convert 17 (base 14) to base 2.
10101
What is 103 (base 4) in base 15?
14
What is -7 (base 13) in base 3?
-21
Convert d (base 14) to base 7.
16
11 (base 5) to base 6
10
-1112 (base 3) to base 15
-2b
Convert -12 (base 6) to base 3.
-22
What is -2 (base 6) in base 4?
-2
What is 31 (base 4) in base 9?
14
What is -331 (base 4) in base 16?
-3d
Convert -7 (base 10) to base 9.
-7
-23 (base 13) to base 7
-41
24 (base 10) to base 12
20
What is -4b (base 12) in base 4?
-323
e (base 15) to base 4
32
Convert -110000011 (base 2) to base 12.
-283
5b (base 15) to base 16
56
What is -7 (base 13) in base 11?
-7
What is -48 (base 14) in base 2?
-1000000
What is 1 (base 13) in base 14?
1
Convert 2011 (base 5) to base 2.
100000000
Convert 20 (base 3) to base 5.
11
-26 (base 7) to base 15
-15
Convert -2 (base 6) to base 12.
-2
Convert -212 (base 7) to base 12.
-8b
Convert -5 (base 11) to base 14.
-5
Convert -1 (base 6) to base 11.
-1
-7 (base 8) to base 5
-12
What is -1d (base 16) in base 4?
-131
Convert 362 (base 9) to base 14.
175
Convert 140 (base 7) to base 4.
1031
Convert 3 (base 5) to base 2.
11
Convert -24 (base 5) to base 8.
-16
Convert -4 (base 13) to base 10.
-4
142 (base 5) to base 8
57
Convert 1 (base 15) to base 4.
1
-174 (base 8) to base 12
-a4
What is -cc (base 13) in base 15?
-b3
Convert 17 (base 9) to base 10.
16
Convert -31 (base 13) to base 10.
-40
What is -113 (base 6) in base 7?
-63
What is -12 (base 13) in base 15?
-10
What is -5 (base 6) in base 15?
-5
-10001 (base 2) to base 11
-16
Convert -3 (base 6) to base 5.
-3
What is -281 (base 11) in base 3?
-110021
Convert 33 (base 8) to base 4.
123
10 (base 9) to base 2
1001
What is 2 (base 12) in base 10?
2
Convert -168 (base 13) to base 2.
-11111111
What is -201 (base 6) in base 3?
-2201
10 (base 4) to base 7
4
Convert 3 (base 16) to base 10.
3
What is 1101 (base 2) in base 6?
21
-21 (base 12) to base 7
-34
What is 101 (base 2) in base 12?
5
Convert 124 (base 14) to base 5.
1403
What is -49 (base 13) in base 14?
-45
-1a (base 14) to base 11
-22
Convert 159 (base 10) to base 7.
315
What is -102 (base 3) in base 8?
-13
0 (base 15) to base 8
0
-3 (base 10) to base 2
-11
-28 (base 11) to base 2
-11110
Convert -4 (base 12) to base 13.
-4
Convert -43 (base 6) to base 8.
-33
Convert -1 (base 6) to base 11.
-1
-4 (base 16) to base 5
-4
1231 (base 4) to base 9
131
58 (base 9) to base 10
53
Convert 1 (base 16) to base 2.
1
What is 151 (base 10) in base 6?
411
What is -5 (base 14) in base 2?
-101
7 (base 12) to base 14
7
371 (base 10) to base 12
26b
Convert 0 (base 5) to base 4.
0
What is -3 (base 14) in base 11?
-3
111 (base 2) to base 15
7
Convert 30 (base 16) to base 3.
1210
a (base 14) to base 11
a
What is 1101 (base 4) in base 3?
10000
-2110 (base 3) to base 15
-46
-52 (base 14) to base 10
-72
What is -200 (base 4) in base 13?
-26
2 (base 11) to base 7
2
What is -442 (base 5) in base 11?
-101
6 (base 8) to base 3
20
What is -3 (base 9) in base 8?
-3
What is -20 (base 6) in base 7?
-15
Convert 1 (base 11) to base 16.
1
-2 (base 9) to base 5
-2
-a (base 15) to base 5
-20
-3 (base 15) to base 5
-3
-101 (base 2) to base 3
-12
What is -4 (base 5) in base 8?
-4
What is -1 (base 6) in base 12?
-1
-b7 (base 12) to base 8
-213
26 (base 12) to base 14
22
89 (base 14) to base 12
a1
What is -174 (base 10) in base 4?
-2232
-148 (base 11) to base 13
-104
What is -17 (base 16) in base 3?
-212
1111100 (base 2) to base 12
a4
-75 (base 11) to base 4
-1102
Convert -e (base 16) to base 2.
-1110
Convert 12 (base 7) to base 8.
11
-4 (base 6) to base 10
-4
What is -1 (base 7) in base 4?
-1
-122 (base 3) to base 9
-18
What is 13 (base 7) in base 5?
20
5 (base 13) to base 7
5
179 (base 10) to base 5
1204
-2 (base 6) to base 2
-10
35 (base 13) to base 2
101100
Convert -316 (base 9) to base 15.
-123
What is 201 (base 4) in base 5?
113
-1001 (base 3) to base 10
-28
-111100 (base 2) to base 14
-44
Convert -1111 (base 3) to base 7.
-55
Convert 12 (base 5) to base 9.
7
What is 207 (base 9) in base 14?
c1
121 (base 6) to base 7
100
What is 32 (base 5) in base 2?
10001
What is -2 (base 4) in base 11?
-2
What is 3 (base 12) in base 6?
3
-11 (base 3) to base 11
-4
-20 (base 7) to base 6
-22
What is 11 (base 6) in base 15?
7
What is -1 (base 2) in base 7?
-1
2 (base 10) to base 9
2
-76 (base 11) to base 2
-1010011
Convert 13 (base 7) to base 12.
a
Convert 1 (base 16) to base 13.
1
What is -9 (base 16) in base 11?
-9
What is 102 (base 3) in base 6?
15
-1 (base 13) to base 4
-1
Convert -12 (base 10) to base 15.
-c
What is -5 (base 11) in base 12?
-5
-10 (base 10) to base 3
-101
What is -201 (base 9) in base 5?
-1123
What is 143 (base 6) in base 9?
70
What is -4 (base 16) in base 3?
-11
What is 44 (base 12) in base 9?
57
What is -11001 (base 2) in base 11?
-23
353 (base 6) to base 16
8d
What is 15 (base 7) in base 11?
11
What is 1102 (base 5) in base 11?
129
Convert -4 (base 7) to base 11.
-4
33 (base 12) to base 16
27
-2 (base 8) to base 5
-2
Convert 4 (base 5) to base 9.
4
What is 98 (base 10) in base 14?
70
What is 0 (base 13) in base 15?
0
Convert -2 (base 10) to base 8.
-2
-101 (base 4) to base 9
-18
What is 4 (base 8) in base 10?
4
Convert -22 (base 12) to base 2.
-11010
-33 (base 10) to base 12
-29
Convert 12 (base 15) to base 4.
101
Convert -20 (base 4) to base 9.
-8
-1 (base 11) to base 4
-1
Convert -2 (base 9) to base 13.
-2
-46 (base 15) to base 8
-102
2 (base 14) to base 9
2
Convert 1d (base 16) to base 9.
32
6 (base 16) to base 3
20
What is -10001 (base 2) in base 7?
-23
Convert 236 (base 10) to base 4.
3230
What is -13a (base 14) in base 15?
-118
What is -11 (base 12) in base 10?
-13
Convert -6 (base 10) to base 6.
-10
Convert -100110 (base 2) to base 10.
-38
Convert -120 (base 15) to base 7.
-513
25 (base 8) to base 4
111
What is ec (base 16) in base 3?
22202
-30 (base 5) to base 11
-14
What is 0 (base 16) in base 6?
0
1 (base 11) to base 6
1
4 (base 13) to base 6
4
What is 110 (base 2) in base 4?
12
Convert -1011101 (base 2) to base 12.
-79
What is -111110 (base 2) in base 14?
-46
What is 2 (base 9) in base 2?
10
Convert -1 (base 6) to base 10.
-1
What is 100 (base 3) in base 10?
9
What is 86 (base 13) in base 12?
92
Convert 1 (base 2) to base 15.
1
What is 25 (base 16) in base 11?
34
What is -5 (base 16) in base 13?
-5
-2 (base 16) to base 5
-2
209 (base 10) to base 14
10d
-12202 (base 3) to base 13
-bc
What is -233 (base